 Suppose a = -q*u - 0 + 32. What is the greatest common divisor of u and 40?
8
Suppose -4*x - 69 = -x. Let p = x + 22. Let j be -1*(-1 + p + 1). Calculate the greatest common divisor of j and 9.
1
Let g be 8 - (-7 - -8) - -35. Calculate the greatest common factor of g and 96.
6
Suppose -3*a + 374 = 4*i - 298, 507 = 3*i + 3*a. Let f be 16 - (4 + -2 - 1). Calculate the greatest common divisor of f and i.
15
Let o(x) = -x**2 - 22*x - 107. Let w be o(-11). Calculate the highest common divisor of w and 8.
2
Let a = 133 + -129. Let l = -2 - -3. What is the greatest common factor of a and l?
1
Let d = -161 + 227. Suppose -d - 70 = -4*y. What is the greatest common divisor of y and 17?
17
Let h(x) = x**2 - x - 2. Let d be h(3). Let k = 80 - 76. What is the greatest common factor of k and d?
4
Suppose 2*j - 56 = -0*j - 2*g, -7*j = 5*g - 204. Suppose p - 224 = -p. What is the greatest common divisor of p and j?
16
Suppose 5*q + 3*c = 750, -5*c + 13 = q - 115. Suppose 0 = 2*t + 2, -5*k = -0*k - 2*t - 87. Calculate the highest common divisor of k and q.
17
Let f(j) = -34*j - 50. Let b be f(-5). What is the greatest common factor of b and 72?
24
Let x be (84/(-10))/(4/(-10)). What is the highest common factor of 35 and x?
7
Let r(y) = -2*y**2 - 19*y - 6. Let t be r(-9). Suppose t*g - 50 = -6*p + 2*p, 5*p - 35 = -g. Let o = -25 + 45. What is the greatest common factor of o and g?
10
Suppose -2*o = -4*f - 46, -o + 0*o = 3*f - 18. Let b be (o/(-9))/((8/(-6))/4). Calculate the highest common factor of 63 and b.
7
Let c = -114 + 117. Calculate the highest common divisor of c and 5.
1
Let u = 25 + -59. Let q = u + 36. Calculate the highest common divisor of q and 10.
2
Suppose 4*j = 8, -3*y + 104 = j - 66. Let m = 180 - 164. Calculate the highest common factor of y and m.
8
Suppose 0 = -4*q - 154 + 166. Suppose -2*n + q*d + 19 = 0, 0 = d - 4*d + 15. Calculate the highest common factor of 187 and n.
17
Let s(b) = b**2 + 9*b - 4. Let p be s(8). Suppose -55 = -y + p. What is the greatest common divisor of y and 17?
17
Let i(b) = b**3 - 7*b**2 - 9*b + 11. Suppose q - 8 = -0*q. Let m be i(q). Let c be ((-3)/6)/(m/(-288)). What is the greatest common factor of 6 and c?
6
Let z = 130 - 251. Let f = z - -233. Suppose -5*s + f = -s. Calculate the highest common factor of s and 7.
7
Suppose t - 9*b = -8*b + 3, b - 3 = -2*t. Calculate the greatest common divisor of t and 74.
2
Let o be ((-14)/(140/75))/((-2)/4). Calculate the highest common divisor of 30 and o.
15
Suppose 3*p - 3*v - 31 = p, -4*p = 4*v - 112. Let o = p + -5. Let g = 5 + 40. What is the greatest common divisor of o and g?
9
Suppose v = -0*v + 13. Let p(g) = 118*g + 144. Let d be p(-1). Calculate the greatest common divisor of d and v.
13
Suppose -10*p + 4 = -8*p. Let f be (3 - -54 - 5)*1/p. Calculate the highest common divisor of f and 65.
13
Let o(a) = a + 2. Let n be o(6). Let c(u) = 2*u**3 + 7*u**2 + 12*u - 12. Let v be c(-5). Let l be (-56)/6*252/v. What is the highest common divisor of l and n?
8
Let z be (32/(-3) + 1)*-3. Suppose 2*f - 3*s = -234 + 347, 0 = -5*f - 5*s + 295. What is the highest common divisor of f and z?
29
Let w = 850 + -574. Calculate the greatest common factor of w and 69.
69
Suppose 4*m + 60*m - 27840 = 0. Calculate the greatest common divisor of 60 and m.
15
Let c = -255 - -290. What is the highest common factor of c and 10?
5
Suppose -5*p + 25 = 5*z, 4*p + 1 + 3 = 2*z. Suppose 5*j = s - 177, 0*j - 2*j + z = 0. What is the highest common divisor of 17 and s?
17
Let l be -1*1 + 31/1. Let n(x) = -x**2 + 39*x + 46*x**3 - 38*x - 1 + 0. Let d be n(1). Calculate the highest common factor of d and l.
15
Let h be (29/29)/(-3 - -4). Calculate the greatest common factor of h and 1.
1
Let v = -325 - -367. Calculate the highest common factor of 105 and v.
21
Let q = -19 - -37. Let a be 1/(-1) + (-105)/(10 - 25). What is the highest common factor of a and q?
6
Let v(r) = r**2 - 3*r + 4. Let h be v(3). Let f = -73 + 152. Let t = f + -47. What is the greatest common factor of h and t?
4
Let n be -4 + 4 - 4/(-2). Let x(y) = y**3 - 5*y - 5*y - 3*y + 7*y**2 + 35 + 9*y. Let g be x(-8). Calculate the highest common factor of n and g.
1
Let f(v) = 30*v - 115. Let c be f(14). Let y be (-4)/14 - (-429)/7. What is the highest common divisor of y and c?
61
Let h be (3 - 0) + (4 - 3)*-6. Let x be 35/(-45)*-3 - (-1)/h. Calculate the greatest common divisor of 14 and x.
2
Suppose 5*m + 85 = 6*m. Suppose 0 = i - 3*r + 2*r - 65, 5*i + 2*r = 346. Let z be 8/16*1*i. What is the highest common divisor of z and m?
17
Let d be (-1 + (-21)/(-6))/((-105)/(-1512)). Suppose -u + 104 = 2*u - 4*j, 183 = 5*u + 3*j. What is the greatest common divisor of u and d?
36
Suppose 0 = -r - 24*t + 25*t + 496, -2473 = -5*r - 2*t. What is the highest common divisor of 66 and r?
33
Let d(l) = 2*l**2 + l - 2. Let j be d(-2). Let r be 36/30*(-80)/(-24). Calculate the highest common divisor of r and j.
4
Let t = 23 + -35. Let m = t - -17. Let v be 24 - (-1)/(1 + 0). What is the greatest common divisor of m and v?
5
Let v(s) = 4*s**2 + 11*s + 3. Let k be v(-5). Let i be (-1)/((-4)/(k/3)). Calculate the greatest common factor of i and 40.
4
Let q(g) = 3*g - 3*g**2 + 2*g**2 + 0*g + g**3 - 2*g. Let o be q(-3). Let p = -30 - o. Calculate the greatest common factor of p and 45.
9
Let l = -18 + 36. Let n(b) = -b**2 - 2*b - 4. Let j be n(-2). Let u be j/l - 47/(-9). Calculate the greatest common factor of u and 45.
5
Let u = 4031 + -3977. Suppose 4*h - 270 = 2*h. What is the highest common factor of u and h?
27
Let n = -14 - -19. Suppose 5 = -5*w - 0*w, -2*v = n*w + 5. Suppose 3*s - 2*d = -v*s + 85, 0 = 5*d + 10. Calculate the greatest common divisor of 3 and s.
3
Let t be 24/4 + 0 + -1. Suppose -2*w + 11 = -t. Suppose -r = 5*n - 49, -4*r + r + 92 = 4*n. Calculate the highest common factor of r and w.
8
Let r be 24/9 - (-4)/36*3. Let q be ((-4)/(-10))/((-1)/(-15)). Calculate the greatest common factor of q and r.
3
Suppose f + 1 + 1 = 0. Let l(c) = -15*c**3 - 2*c**2 + 2*c + 3. Let r be l(f). What is the greatest common factor of r and 37?
37
Suppose l = 2, c - 2*l + 0*l - 2 = 0. Let j be (-2)/5 + (924/10)/11. Suppose a + 4 - j = 0. What is the greatest common divisor of c and a?
2
Let p be 12/2 + (14 - 18). Suppose -4*t + 257 = -2*h - 229, 2*h = p*t - 244. Calculate the greatest common divisor of t and 11.
11
Suppose -3*a - j = -19, j - 9 = -a - 0*j. Suppose -a*m = -3*o + 80, -3*m = -4*o - o + 160. Calculate the highest common divisor of o and 10.
5
Suppose -5*n + 193 = 3*g - 19, -5*n = 2*g - 213. Suppose 614 + 31 = 5*m. Calculate the greatest common divisor of m and n.
43
Let z be ((-42)/70)/((-2)/470). Suppose -b + z = -222. What is the highest common factor of b and 33?
33
Let l = 3227 - 3200. Suppose 5*q - 36 = -4*i + 504, 4*q + 2*i - 432 = 0. What is the greatest common factor of l and q?
27
Let p(f) = f**2 - 26*f + 9. Let k be p(0). What is the highest common divisor of 117 and k?
9
Let k be (4 - -65)/(5/(9 - 4)). What is the highest common factor of 621 and k?
69
Let g(w) = -4*w**3 - 83*w**2 - 27. Let h be g(-21). Calculate the greatest common factor of 18 and h.
18
Let j be 4 + 3*61/3. Let o(n) = 5*n**2. Let v be o(-1). Calculate the greatest common divisor of v and j.
5
Let w(g) = 62*g - 504. Let b be w(9). Calculate the greatest common divisor of 189 and b.
27
Let k(d) be the third derivative of 9*d**5/20 - d**4/6 + d**3/2 - 5*d**2. Let u be k(3). Let x = 38 + -12. Calculate the greatest common divisor of u and x.
26
Let u be 6*(-2 + 65/10). Calculate the highest common divisor of 6 and u.
3
Let w be (52 - 2) + 0/(-1). Suppose 0 = -6*q + q + w. Suppose -l + 21 = 3*s, -3*s + 81 = -4*l + 9*l. Calculate the highest common divisor of q and l.
5
Let f be (2 + (-3)/6)/(12/32). Suppose 0 = 9*a + f*a - 208. What is the highest common divisor of 16 and a?
16
Let r = -83 - -163. Suppose -5*u = a - 75, 0 = 3*a + u - r - 117. Calculate the highest common factor of a and 13.
13
Let y(b) = 20*b - 113. Let d = 163 + -156. Let f be y(d). Suppose -3*h = 9 - 3, h - 16 = -i. What is the greatest common divisor of f and i?
9
Suppose -74*v - 279 = -77*v. What is the greatest common factor of v and 62?
31
Let v(f) = f**3 - 8*f + 5. Let d be v(4). Cal